ime factors of (-7)/(70/(-36))*(-3708365)/(-398).
3, 3727
Let m = -460 - -1926. Let s = -1020 + m. What are the prime factors of s?
2, 223
Let z be 1 + -2 + -19 + 15. Let i be -2*15/z + -1. Suppose -o = b - 69, 0*b + i*o = -4*b + 271. What are the prime factors of b?
2, 37
Suppose 0 = v + 12 + 41. Let k(q) = q**3 - 109*q**2 - 108*q - 234. Let t be k(110). List the prime factors of (-2*v/4)/((-7)/t).
53
Let z = -45 - -61. Suppose z*f = 13*f. Suppose g + f*g = 217. List the prime factors of g.
7, 31
Let r(j) be the first derivative of j + 36. Let m(p) = -12*p - 40. Let o(z) = m(z) - 10*r(z). List the prime factors of o(-9).
2, 29
Suppose -5*g + 53784 = 3*d, d + 3*g - 13570 = 4350. List the prime factors of d.
2, 8969
Let i = -240 - -244. Suppose i*l - 2484 = -14*l. What are the prime factors of l?
2, 3, 23
Let h = 324 - 319. Suppose 2*g = h*g - 5*w - 884, 2*w - 919 = -3*g. What are the prime factors of g?
3, 101
Suppose 4*r = -0*r + 5*b + 3947, -r + 988 = -b. Let d be (4 + (-38)/10)*(-18 - -18). Suppose d = -6*u - 315 + r. List the prime factors of u.
113
Suppose 31*x + 1153 - 158819 = 0. What are the prime factors of x?
2, 2543
Let n be (13 - 19)/((-1)/(-2) + -2). Suppose -n*l + 72 = 60. Suppose 4*y - s - 114 = 465, 161 = y + l*s. What are the prime factors of y?
2, 73
Suppose -5*o - 2*v + 3317 = 0, 2*v = -0*o + 4*o - 2668. Let m = o - 82. What are the prime factors of m?
11, 53
Let o = -338 + 336. List the prime factors of ((-41958)/(-108))/((-1)/o).
3, 7, 37
Let l be (-3 + 9 - 7)/((-3)/125571). Suppose -42*y = -l - 34037. List the prime factors of y.
13, 139
Suppose 5*p = 5*a + 277895, p + 1036*a - 1038*a - 55581 = 0. What are the prime factors of p?
149, 373
List the prime factors of (-1288032)/(-168) - (-3)/21.
11, 17, 41
Let q = 362 - 355. Suppose 4572 = -q*d + 13*d. What are the prime factors of d?
2, 3, 127
Let j = -3624 + 6186. What are the prime factors of j?
2, 3, 7, 61
Let i = -89 - -80. Let w be ((-1839)/(-9))/((-3)/i). Suppose -6*t = -w + 103. List the prime factors of t.
5, 17
Suppose 0 = -2*m + 5*l + 37, -71 + 220 = 4*m + 5*l. Suppose -3*f = -5*r - 870, -f + m + 259 = 3*r. List the prime factors of f.
2, 5, 29
Let j(m) = 376*m**3 - m**2 + 3*m - 1. Let w(n) = -n**3 + 13*n**2 - 22*n + 1. Let o be w(11). List the prime factors of j(o).
13, 29
Let k be ((-5)/(-2) + -3)*-1516. Suppose q - 1088 + k = 0. List the prime factors of q.
2, 3, 5, 11
Suppose 0 = -2*p - 2*g + 9318, 5*p - p + g - 18633 = 0. List the prime factors of p.
2, 17, 137
Suppose 8*w - 18141 - 95915 = 0. List the prime factors of w.
53, 269
Let t(k) be the third derivative of 3*k**6/40 - k**5/20 + 7*k**4/24 - 5*k**3/6 + 7*k**2. Suppose 92*g - 82*g - 20 = 0. What are the prime factors of t(g)?
3, 23
Let i be 0 - (-894 - (1 + -3)). Suppose 592 = 7*c - i. What are the prime factors of c?
2, 53
Let p = -53733 + 96508. List the prime factors of p.
5, 29, 59
Suppose i + 0*s - s + 2 = 0, 0 = -4*i + 3*s - 4. Let h(x) = 14*x**3 - x**2 + 3*x - 4. What are the prime factors of h(i)?
2, 5, 11
Let g = 125 - 121. What are the prime factors of (-11 - -6) + (1 - g - -119)?
3, 37
Suppose 9*x + 222 = 12*x. Let t be -9 + x - -1*1. Suppose -7*k + t + 347 = 0. List the prime factors of k.
59
Let m = -5335 - -5857. What are the prime factors of m?
2, 3, 29
Let s(n) = 2*n**3 - 17*n**2 + 43*n + 60. List the prime factors of s(12).
2, 3, 11
Suppose 187330 + 1521382 - 210006 = 121*a. What are the prime factors of a?
2, 11, 563
Let z = -4025 - -14307. What are the prime factors of z?
2, 53, 97
Suppose 12*o + 29*o - 149331 = 20*o. What are the prime factors of o?
13, 547
Suppose 0 = -4*p + 5*z - 9*z + 24340, 3*p = -5*z + 18271. List the prime factors of p.
59, 103
Suppose -2*i + 37130 = -5*o, 0 = 4*i + 18*o - 19*o - 74296. What are the prime factors of i?
5, 743
Let z = 54589 - 11618. List the prime factors of z.
97, 443
Suppose 5*o + 4*n = 465 + 469, 5*n = 2*o - 367. Let u = o + -128. What are the prime factors of u?
2, 29
Suppose 0 = 63*r - 588674 - 332764. What are the prime factors of r?
2, 71, 103
Let s = -2 + -3. Let o(d) = -d**2 - 6*d - 1. Let t be o(s). Suppose -71 - 37 = -t*c. What are the prime factors of c?
3
Let n(g) be the second derivative of -1/12*g**4 + 0 + 3*g**2 - 8*g - 13/6*g**3. What are the prime factors of n(-8)?
2, 23
Suppose -l - 2*p + 4*p = 1, -27 = -l - 5*p. Suppose 16*i - 9*i + l = 0. What are the prime factors of i/(1/(-2))*(-92)/(-8)?
23
Suppose -43*y = 25*y - 181288. List the prime factors of y.
2, 31, 43
Let k(t) = 2*t**2 - 28*t + 76. Let o be k(13). Suppose -26*m - 27672 = -o*m. List the prime factors of m.
1153
Suppose -187*t = -207*t + 48120. What are the prime factors of t?
2, 3, 401
Let q = 650 + -20. Let t = 1051 - q. List the prime factors of t.
421
Let c(m) = -m - 3. Let l be c(-7). Let u be 11448/(-44) + l/22. Let i = -150 - u. What are the prime factors of i?
2, 5, 11
Let x(h) = 14*h - 85. Let z be x(6). Let f(u) = 160*u**2 + 3*u + 4. List the prime factors of f(z).
7, 23
Let s(z) be the first derivative of -z**4/4 - 2*z**3 - z**2 + 22*z - 79. List the prime factors of s(-6).
2, 17
Suppose 294*g - 269*g = 41150. What are the prime factors of g?
2, 823
Let j = -686 + 3798. Suppose -3*v - 3120 = -3*d, -3*d + v + j = 6*v. What are the prime factors of d?
1039
Let x = 86 + -79. Suppose 3*h + x = 3*f + f, 5*h = -3*f + 27. Suppose f*c - 448 = 100. List the prime factors of c.
137
Let b(n) = 119*n**2 - 30*n + 923. List the prime factors of b(21).
2, 79, 167
Suppose -4*k = -4*z + 420, 78 = -4*z - 3*k + 484. Let r = z - 67. List the prime factors of r.
2, 3
Suppose -i + v + 14297 + 959 = 0, v = -13*i + 198258. List the prime factors of i.
101, 151
Suppose 6898 = o + 4*q - 2586, 0 = -5*o + 2*q + 47354. What are the prime factors of o?
2, 37
Let d(q) = -7*q**2 + 49*q - 3. Let z be d(11). Let w = z - -980. List the prime factors of w.
3, 223
Let t = 10 + 184. Suppose -9*q + 8*q + t = 0. What are the prime factors of q?
2, 97
Suppose 6 = 4*c + 38, -c + 443787 = 5*h. List the prime factors of h.
11, 8069
Suppose -7*f = 5*f - 2880. Suppose -f - 260 = -4*a - 4*u, u + 631 = 5*a. What are the prime factors of a?
2, 3, 7
Let c(x) = x**3 - 5*x**2 + 5*x + 5. Let n be c(3). Suppose 0 = 2*d + n*r - 1456, 3*r - 2909 = -7*d + 3*d. List the prime factors of d.
5, 29
Suppose -8*f = 7266 - 239426. List the prime factors of f.
2, 5, 1451
Let w(t) = -15371*t - 866. What are the prime factors of w(-1)?
3, 5, 967
Suppose -45*i + 48*i - 9 = 0. Let g be 3 + -3*i/9. Suppose -t + 144 = g*t. What are the prime factors of t?
2, 3
What are the prime factors of 7 + (3128/8 - -3)*327/6?
2, 3, 5, 179
Let f(p) = -2082*p + 161 - 2087*p + 4205*p. List the prime factors of f(40).
1601
Suppose 4 = 36*b - 68. Suppose -2*f - 5*i + 293 + 90 = 0, -2*i = -b*f + 418. List the prime factors of f.
2, 3, 17
Suppose -26*s - 44*s + 775775 = 7*s. What are the prime factors of s?
5, 13, 31
Suppose 32 = 4*q - 3*w, 7*q = 4*q - 2*w + 24. Suppose -3*z - 5*l - 80 = -q*z, 0 = -l + 3. Suppose 7128 - 2549 = z*u. List the prime factors of u.
241
Let c = -103 + 57. Let d be (-23)/c - (-1789)/(-2). List the prime factors of (-4)/(-16) - d/8.
2, 7
Let d be 9 + (6/18 - (-13)/(-3)). Suppose d*w + 3*o = 1311, 5*o + 253 = w + o. What are the prime factors of w?
3, 29
Suppose -6 = 3*o - 6*o, 3*t = -2*o + 232. Let i = 79 - t. Suppose i*h - 1600 = -5*h. What are the prime factors of h?
2, 5
Suppose -27*t = -25*t - 5*g - 18176, 6*t = g + 54528. What are the prime factors of t?
2, 71
Suppose o + 5*d = 4*o - 107, -3*o + 104 = -2*d. Let w = -37 + o. List the prime factors of 3 + -2*(w - 105/6).
2, 11
Suppose 3*f = h - 120, 0 = h + f - 2*f - 118. Suppose -75 = -2*v + h. Let d = -56 + v. What are the prime factors of d?
2, 5
List the prime factors of (36 - 8494)*(8 + -10).
2, 4229
Suppose -2*l + 240 = -2*t, 3*t + t = l - 471. Suppose 163*a - 165*a = i + 230, 2*i - 5*a = -505. Let k = t - i. List the prime factors of k.
3, 41
Suppose 164731 = 19*p - 24186. List the prime factors of p.
61, 163
Suppose 4*y + 72*a = 69*a + 6985, -5243 = -3*y + 2*a. List the prime factors of y.
1747
Let d be (-3)/1 + (-1535)/(-1). Suppose -3*j + 4*x + 3383 = 0, 2*j - 4*x - d = 730. List the prime factors of j.
19, 59
Suppose -5*z - 55464 = 7*z. Let c = z + 